{"id":5,"date":"2012-12-27T10:53:19","date_gmt":"2012-12-27T08:53:19","guid":{"rendered":"http:\/\/strathmeier-holzkunst.de\/?page_id=5"},"modified":"2024-10-13T16:53:06","modified_gmt":"2024-10-13T14:53:06","slug":"galerie","status":"publish","type":"page","link":"https:\/\/strathmeier-holzkunst.de\/?page_id=5","title":{"rendered":"Impressum"},"content":{"rendered":"<p><strong>Impressum <\/strong><\/p>\n<p><strong>Angaben gem\u00e4\u00df \u00a7 5 TMG:<\/strong><br \/>\nGottfried Strathmeier<br \/>\nKreuzstra\u00dfe 32<br \/>\n33602 Bielefeld<\/p>\n<p><strong>Kontakt:<\/strong><br \/>\nTelefon: (05 21) 5 20 45 22<br \/>\nE-Mail: g.strathmeier@posteo.de<\/p>\n<p>\u00a9 Copyright Gottfried Strathmeier &#8211; Bielefeld &#8211; 2012<br \/>\nProduktion &amp; Realisation: KunstSinn Bielefeld<\/p>\n<p><strong>Haftung f\u00fcr Inhalte<\/strong><br \/>\nAls Diensteanbieter sind wir gem\u00e4\u00df \u00a7 7 Abs.1 TMG f\u00fcr eigene Inhalte auf diesen Seiten nach den allgemeinen Gesetzen verantwortlich. Nach \u00a7\u00a7 8 bis 10 TMG sind wir als Diensteanbieter jedoch nicht verpflichtet, \u00fcbermittelte oder gespeicherte fremde Informationen zu \u00fcberwachen oder nach Umst\u00e4nden zu forschen, die auf eine rechtswidrige T\u00e4tigkeit hinweisen.<\/p>\n<p>Verpflichtungen zur Entfernung oder Sperrung der Nutzung von Informationen nach den allgemeinen Gesetzen bleiben hiervon unber\u00fchrt. Eine diesbez\u00fcgliche Haftung ist jedoch erst ab dem Zeitpunkt der Kenntnis einer konkreten Rechtsverletzung m\u00f6glich. Bei Bekanntwerden von entsprechenden Rechtsverletzungen werden wir diese Inhalte umgehend entfernen.<\/p>\n<p><strong>Haftung f\u00fcr Links<\/strong><br \/>\nUnser Angebot enth\u00e4lt Links zu externen Webseiten Dritter, auf deren Inhalte wir keinen Einfluss haben. Deshalb k\u00f6nnen wir f\u00fcr diese fremden Inhalte auch keine Gew\u00e4hr \u00fcbernehmen. F\u00fcr die Inhalte der verlinkten Seiten ist stets der jeweilige Anbieter oder Betreiber der Seiten verantwortlich. Die verlinkten Seiten wurden zum Zeitpunkt der Verlinkung auf m\u00f6gliche Rechtsverst\u00f6\u00dfe \u00fcberpr\u00fcft. Rechtswidrige Inhalte waren zum Zeitpunkt der Verlinkung nicht erkennbar.<\/p>\n","protected":false},"excerpt":{"rendered":"<p>Impressum Angaben gem\u00e4\u00df \u00a7 5 TMG: Gottfried Strathmeier Kreuzstra\u00dfe 32 33602 Bielefeld Kontakt: Telefon: (05 21) 5 20 45 22 E-Mail: g.strathmeier@posteo.de \u00a9 Copyright Gottfried Strathmeier &#8211; Bielefeld &#8211; 2012 Produktion &amp; Realisation: KunstSinn Bielefeld Haftung f\u00fcr Inhalte Als Diensteanbieter sind wir gem\u00e4\u00df \u00a7 7 Abs.1 TMG f\u00fcr eigene Inhalte auf diesen Seiten nach den [&hellip;]<\/p>\n","protected":false},"author":1,"featured_media":0,"parent":0,"menu_order":0,"comment_status":"closed","ping_status":"closed","template":"","meta":{"footnotes":""},"class_list":["post-5","page","type-page","status-publish","hentry"],"_links":{"self":[{"href":"https:\/\/strathmeier-holzkunst.de\/index.php?rest_route=\/wp\/v2\/pages\/5","targetHints":{"allow":["GET"]}}],"collection":[{"href":"https:\/\/strathmeier-holzkunst.de\/index.php?rest_route=\/wp\/v2\/pages"}],"about":[{"href":"https:\/\/strathmeier-holzkunst.de\/index.php?rest_route=\/wp\/v2\/types\/page"}],"author":[{"embeddable":true,"href":"https:\/\/strathmeier-holzkunst.de\/index.php?rest_route=\/wp\/v2\/users\/1"}],"replies":[{"embeddable":true,"href":"https:\/\/strathmeier-holzkunst.de\/index.php?rest_route=%2Fwp%2Fv2%2Fcomments&post=5"}],"version-history":[{"count":15,"href":"https:\/\/strathmeier-holzkunst.de\/index.php?rest_route=\/wp\/v2\/pages\/5\/revisions"}],"predecessor-version":[{"id":1335,"href":"https:\/\/strathmeier-holzkunst.de\/index.php?rest_route=\/wp\/v2\/pages\/5\/revisions\/1335"}],"wp:attachment":[{"href":"https:\/\/strathmeier-holzkunst.de\/index.php?rest_route=%2Fwp%2Fv2%2Fmedia&parent=5"}],"curies":[{"name":"wp","href":"https:\/\/api.w.org\/{rel}","templated":true}]}}